{"id":157,"date":"2017-02-03T18:19:47","date_gmt":"2017-02-03T17:19:47","guid":{"rendered":"http:\/\/www.smiecio.pl\/?page_id=157"},"modified":"2020-05-24T18:27:27","modified_gmt":"2020-05-24T16:27:27","slug":"wywoz-agd","status":"publish","type":"page","link":"http:\/\/www.smiecio.pl\/index.php\/wywoz-agd\/","title":{"rendered":"Wyw\u00f3z urz\u0105dze\u0144"},"content":{"rendered":"<p>Zastanawiasz si\u0119 jak pozby\u0107 si\u0119 starej lod\u00f3wki, gdzie wyrzuci\u0107 zepsuty telewizor, albo co zrobi\u0107 ze nieu\u017cywan\u0105 kuchenk\u0105 lub innymi urz\u0105dzeniami AGD?<\/p>\n<p><img loading=\"lazy\" class=\"size-full wp-image-158 alignright\" src=\"http:\/\/smiecio.pl\/wp-content\/uploads\/2020\/05\/stare_urzadzenia1.jpg\" alt=\"\" width=\"290\" height=\"224\" \/><\/p>\n<p>Je\u015bli kiedykolwiek pr\u00f3bowa\u0142e\u015b przestawi\u0107 lod\u00f3wk\u0119, pralk\u0119 czy kuchenk\u0119, to doskonale zdajesz sobie spraw\u0119, \u017ce jest to ci\u0119\u017ckie zadanie je\u015bli nie ma si\u0119 nikogo do pomocy. Pomijaj\u0105c trud, przy przenoszeniu i wynoszeniu ci\u0119\u017ckich urz\u0105dze\u0144, oddanie takich odpad\u00f3w<br \/>\nw nieodpowiednie r\u0119ce zagra\u017ca naszemu \u015brodowisku.<\/p>\n<p>Wiele starych urz\u0105dze\u0144 zawiera ozon i inne niebezpieczne pierwiastki chemiczne, kt\u00f3re b\u0119d\u0105 przedostawa\u0107 si\u0119 do powietrza i gleby, kiedy takie odpady zostan\u0105 po prostu wywiezione na wysypisko i zostawione wraz z innymi zwyk\u0142ymi \u015bmieciami. Podchodz\u0105c odpowiedzialnie do naszej pracy dbamy zar\u00f3wno o zdrowie Twoje jak i \u015brodowiska.<\/p>\n<h4><b>\u015amiecio usuwa stare urz\u0105dzenia AGD w spos\u00f3b odpowiedzialny.<\/b><\/h4>\n<p>Wiemy w jaki spos\u00f3b odpowiedzialnie gospodarowa\u0107 starymi urz\u0105dzeniami. Zabierzemy je od Ciebie, dzi\u0119ki temu nie zrobisz krzywdy ani sobie, ani nie \u015bcianom w Twoim mieszkaniu czy domu. Je\u015bli urz\u0105dzenia s\u0105 w dalszym ci\u0105gu sprawne, przeka\u017cemy<br \/>\nje organizacjom charytatywnym.<\/p>\n<p>Wystarczy, \u017ce zam\u00f3wisz <a title=\"wyw\u00f3z odpad\u00f3w, gda\u0144sk, gdynia, tr\u00f3jmiasto\" href=\"http:\/\/www.smiecio.pl\/index.php\/zamow-usluge\/\">wyw\u00f3z odpad\u00f3w online<\/a>\u00a0lub telefonicznie pod numerem<br \/>\n786-817-387.\u00a0Nasz przyjazny, ubrany w firmowe uniformy zesp\u00f3\u0142 zadzwoni do Ciebie 15-30 minut przed wybranym przez Ciebie dwu godzinnym terminem. Kiedy przyjedziemy wska\u017c urz\u0105dzenia, kt\u00f3rych chcesz si\u0119 pozby\u0107, a my podamy cen\u0119 us\u0142ugi.\u00a0Wystarczy, \u017ce powiesz s\u0142owo i zabierzemy urz\u0105dzenia gdziekolwiek s\u0105 zlokalizowane, a na koniec posprz\u0105tamy po sobie.<\/p>\n<p>&nbsp;<\/p>\n<h4><b>Jakie urz\u0105dzenia zabieramy:<\/b><\/h4>\n<table class=\"mceItemTable alignleft\" border=\"0\" align=\"center\">\n<tbody align=\"left\">\n<tr>\n<td>Piekarniki<\/td>\n<td>Kuchenki<\/td>\n<\/tr>\n<tr>\n<td>P\u0142yty grzewcze<\/td>\n<td>Zmywarki<\/td>\n<\/tr>\n<tr>\n<td style=\"text-align: left;\">Bojlery<\/td>\n<td>Pralki<\/td>\n<\/tr>\n<tr>\n<td>Suszarki<\/td>\n<td>Kuchenki mikrofalowe<\/td>\n<\/tr>\n<tr>\n<td>Zamra\u017carki<\/td>\n<td>Lod\u00f3wki<\/td>\n<\/tr>\n<tr>\n<td colspan=\"1\">Klimatyzatory<\/td>\n<td colspan=\"1\">I inne urz\u0105dzenia<\/td>\n<\/tr>\n<\/tbody>\n<\/table>\n<p>Je\u015bli masz w\u0105tpliwo\u015bci czy mo\u017cemy zabra\u0107, to czego chcesz si\u0119 pozby\u0107 <a title=\"Kontakt - \u015amiecio\" href=\"http:\/\/www.smiecio.pl\/index.php\/kontakt\/\">skontaktuj si\u0119 z nami.\u00a0<\/a><\/p>\n","protected":false},"excerpt":{"rendered":"<p>Zastanawiasz si\u0119 jak pozby\u0107 si\u0119 starej lod\u00f3wki, gdzie wyrzuci\u0107 zepsuty telewizor, albo co zrobi\u0107 ze nieu\u017cywan\u0105 kuchenk\u0105 lub innymi urz\u0105dzeniami AGD? Je\u015bli kiedykolwiek pr\u00f3bowa\u0142e\u015b przestawi\u0107 lod\u00f3wk\u0119, pralk\u0119 czy kuchenk\u0119, to doskonale zdajesz sobie spraw\u0119, \u017ce jest to ci\u0119\u017ckie zadanie je\u015bli nie ma si\u0119 nikogo do pomocy. Pomijaj\u0105c trud, przy przenoszeniu i wynoszeniu ci\u0119\u017ckich urz\u0105dze\u0144, oddanie [&hellip;]<\/p>\n","protected":false},"author":1,"featured_media":0,"parent":0,"menu_order":0,"comment_status":"closed","ping_status":"closed","template":"","meta":[],"_links":{"self":[{"href":"http:\/\/www.smiecio.pl\/index.php\/wp-json\/wp\/v2\/pages\/157"}],"collection":[{"href":"http:\/\/www.smiecio.pl\/index.php\/wp-json\/wp\/v2\/pages"}],"about":[{"href":"http:\/\/www.smiecio.pl\/index.php\/wp-json\/wp\/v2\/types\/page"}],"author":[{"embeddable":true,"href":"http:\/\/www.smiecio.pl\/index.php\/wp-json\/wp\/v2\/users\/1"}],"replies":[{"embeddable":true,"href":"http:\/\/www.smiecio.pl\/index.php\/wp-json\/wp\/v2\/comments?post=157"}],"version-history":[{"count":1,"href":"http:\/\/www.smiecio.pl\/index.php\/wp-json\/wp\/v2\/pages\/157\/revisions"}],"predecessor-version":[{"id":455,"href":"http:\/\/www.smiecio.pl\/index.php\/wp-json\/wp\/v2\/pages\/157\/revisions\/455"}],"wp:attachment":[{"href":"http:\/\/www.smiecio.pl\/index.php\/wp-json\/wp\/v2\/media?parent=157"}],"curies":[{"name":"wp","href":"https:\/\/api.w.org\/{rel}","templated":true}]}}