{"id":202,"date":"2017-02-03T19:17:28","date_gmt":"2017-02-03T18:17:28","guid":{"rendered":"http:\/\/www.smiecio.pl\/?page_id=202"},"modified":"2020-05-24T18:27:21","modified_gmt":"2020-05-24T16:27:21","slug":"wywoz-dywanow","status":"publish","type":"page","link":"http:\/\/www.smiecio.pl\/index.php\/wywoz-dywanow\/","title":{"rendered":"Wyw\u00f3z dywan\u00f3w"},"content":{"rendered":"<p><img loading=\"lazy\" class=\"size-full wp-image-203 alignright\" src=\"http:\/\/smiecio.pl\/wp-content\/uploads\/2020\/05\/stary_dywan.jpg\" alt=\"\" width=\"250\" height=\"136\" \/>G\u0142owisz si\u0119 co zrobi\u0107 ze starym dywanem? Prawdopodobnie mo\u017cemy Tobie pom\u00f3c.<\/p>\n<p>Nasza us\u0142uga wywozu dywan\u00f3w obejmuje &#8211; przyjazd w podane miejsce, zabranie dywanu, za\u0142adowanie go na ci\u0119\u017car\u00f3wk\u0119 i posprz\u0105tanie po sobie. Zapewniamy, \u017ce Tw\u00f3j stary dywan b\u0119dzie przekazany w odpowiednie miejsce, a by\u0107 mo\u017ce poddany procesowi odzysku.<\/p>\n<h4><b>Jak pozby\u0107 si\u0119 dywanu z firm\u0105 \u015amiecio?<\/b><\/h4>\n<p>Wystarczy, \u017ce zam\u00f3wisz <a title=\"wyw\u00f3z starych dywan\u00f3w, gda\u0144sk, gdynia\" href=\"http:\/\/www.smiecio.pl\/index.php\/zamow-usluge\/\">wyw\u00f3z odpad\u00f3w online<\/a> lub telefonicznie pod numerem<br \/>\n786-817-387. Nasz przyjazny, ubrany w firmowe uniformy zesp\u00f3\u0142 zadzwoni do Ciebie 15-30 minut przed wybranym przez Ciebie dwu godzinnym terminem. Kiedy przyjedziemy wska\u017c dywan, kt\u00f3rego chcesz si\u0119 pozby\u0107, a my podamy cen\u0119 us\u0142ugi. Wystarczy, \u017ce powiesz s\u0142owo i zabierzemy dywan gdziekolwiek jest zlokalizowany,<br \/>\na na koniec posprz\u0105tamy po sobie.<\/p>\n<p><u><i>Mo\u017cemy zabra\u0107 r\u00f3wnie\u017c inne rzeczy z Twojego domu lub mieszkania<\/i><\/u>. Sprawd\u017a pe\u0142n\u0105 list\u0119 <a title=\"wyw\u00f3z odpad\u00f3w, \u015bmieci, gda\u0144sk, gdynia\" href=\"http:\/\/www.smiecio.pl\/index.php\/co-zabieramy\/\">tutaj<\/a>.<\/p>\n","protected":false},"excerpt":{"rendered":"<p>G\u0142owisz si\u0119 co zrobi\u0107 ze starym dywanem? Prawdopodobnie mo\u017cemy Tobie pom\u00f3c. Nasza us\u0142uga wywozu dywan\u00f3w obejmuje &#8211; przyjazd w podane miejsce, zabranie dywanu, za\u0142adowanie go na ci\u0119\u017car\u00f3wk\u0119 i posprz\u0105tanie po sobie. Zapewniamy, \u017ce Tw\u00f3j stary dywan b\u0119dzie przekazany w odpowiednie miejsce, a by\u0107 mo\u017ce poddany procesowi odzysku. Jak pozby\u0107 si\u0119 dywanu z firm\u0105 \u015amiecio? Wystarczy, [&hellip;]<\/p>\n","protected":false},"author":1,"featured_media":0,"parent":0,"menu_order":0,"comment_status":"closed","ping_status":"closed","template":"","meta":[],"_links":{"self":[{"href":"http:\/\/www.smiecio.pl\/index.php\/wp-json\/wp\/v2\/pages\/202"}],"collection":[{"href":"http:\/\/www.smiecio.pl\/index.php\/wp-json\/wp\/v2\/pages"}],"about":[{"href":"http:\/\/www.smiecio.pl\/index.php\/wp-json\/wp\/v2\/types\/page"}],"author":[{"embeddable":true,"href":"http:\/\/www.smiecio.pl\/index.php\/wp-json\/wp\/v2\/users\/1"}],"replies":[{"embeddable":true,"href":"http:\/\/www.smiecio.pl\/index.php\/wp-json\/wp\/v2\/comments?post=202"}],"version-history":[{"count":1,"href":"http:\/\/www.smiecio.pl\/index.php\/wp-json\/wp\/v2\/pages\/202\/revisions"}],"predecessor-version":[{"id":433,"href":"http:\/\/www.smiecio.pl\/index.php\/wp-json\/wp\/v2\/pages\/202\/revisions\/433"}],"wp:attachment":[{"href":"http:\/\/www.smiecio.pl\/index.php\/wp-json\/wp\/v2\/media?parent=202"}],"curies":[{"name":"wp","href":"https:\/\/api.w.org\/{rel}","templated":true}]}}