{"id":233,"date":"2017-02-03T19:37:13","date_gmt":"2017-02-03T18:37:13","guid":{"rendered":"http:\/\/www.smiecio.pl\/?page_id=233"},"modified":"2020-05-24T18:27:02","modified_gmt":"2020-05-24T16:27:02","slug":"alternatywa-dla-kontenera","status":"publish","type":"page","link":"http:\/\/www.smiecio.pl\/index.php\/alternatywa-dla-kontenera\/","title":{"rendered":"Alternatywa dla kontenera"},"content":{"rendered":"<table class=\"contentpaneopen\">\n<tbody>\n<tr>\n<td valign=\"top\">\n<h4><img loading=\"lazy\" class=\"size-full wp-image-234 alignright\" src=\"http:\/\/smiecio.pl\/wp-content\/uploads\/2020\/05\/alternatywa_dla_kontenera.jpg\" alt=\"\" width=\"290\" height=\"271\" \/>Wyw\u00f3z gruzu Gda\u0144sk, Gdynia, Sopot i okolice Tr\u00f3jmiasta bez potrzeby zamawiania kontenera!<\/h4>\n<p>Kiedy rozwa\u017casz wynajem kontenera na gruz, czy odpady po remoncie by\u0107 mo\u017ce warto wiedzie\u0107 o kilku rzeczach:<\/p>\n<ul>\n<li>Zap\u0142acisz za wynajem ca\u0142ego kontenera, niezale\u017cnie od ilo\u015bci rzeczy, kt\u00f3re si\u0119 w nim znajd\u0105.<\/li>\n<li>Musisz przestrzega\u0107 ogranicze\u0144 odno\u015bnie odpad\u00f3w, kt\u00f3re mo\u017cna wrzuci\u0107 do kontenera.<\/li>\n<li>Samodzielnie musisz za\u0142adowa\u0107 \u015bmieci do kontenera.<\/li>\n<li>By\u0107 mo\u017ce potrzebne b\u0119dzie pozwolenie od miasta lub wsp\u00f3lnoty na postawienie kontenera.<\/li>\n<li>Brzydki kontener b\u0119dzie sta\u0142 przed Twoj\u0105 posesj\u0105, do momentu, a\u017c go za\u0142adujesz&#8230; a by\u0107 mo\u017ce nawet troch\u0119 d\u0142u\u017cej.<\/li>\n<\/ul>\n<h4><b>\u015amiecio &#8211; alternatywa dla wynajmu kontenera na gruz i odpady po remoncie<\/b><b>.<\/b><\/h4>\n<p>Kiedy wynajmiesz \u015amiecio, aby pozby\u0107 si\u0119 gruzu i odpad\u00f3w po remoncie, unikniesz wszystkich niedogodno\u015bci, kt\u00f3re wi\u0105\u017c\u0105 si\u0119 z wynajmem kontenera czy workami na gruz. Dodatkowo zabieramy r\u00f3wnie\u017c \u015bmieci, kt\u00f3rych inne firmy nie zabieraj\u0105: np: <a title=\"Wyw\u00f3z starych urz\u0105dze\u0144 AGD\" href=\"http:\/\/www.smiecio.pl\/index.php\/wywoz-agd\">stare urz\u0105dzenia (lod\u00f3wki, pralki, kuchenki itp)<\/a>, <a title=\"Wyw\u00f3z i recykling komputer\u00f3w\" href=\"http:\/\/www.smiecio.pl\/index.php\/wywoz-recykling-komputerow\">komputery<\/a>, <a title=\"Wyw\u00f3z i recykling drukarek\" href=\"http:\/\/www.smiecio.pl\/index.php\/wywoz-drukarek-kserokopiarek\">drukarki<\/a>, czy <a title=\"Wyw\u00f3z i recykling monitor\u00f3w\" href=\"http:\/\/www.smiecio.pl\/index.php\/wywoz-recykling-monitorow\">monitory<\/a>.<\/p>\n<p>Wystarczy zam\u00f3wi\u0107 <a title=\"wyw\u00f3z odpad\u00f3w, \u015bmieci z ogrodu\" href=\"http:\/\/www.smiecio.pl\/index.php\/zamow-usluge\/\">wyw\u00f3z odpad\u00f3w online<\/a> lub telefonicznie pod numerem<br \/>\n786-817-387. Nasz przyjazny, ubrany w firmowe uniformy zesp\u00f3\u0142 zadzwoni do Ciebie 15-30 minut przed wybranym przez Ciebie dwu godzinnym terminem. Kiedy przyjedziemy wska\u017c odpady, kt\u00f3rych chcesz si\u0119 pozby\u0107, a my podamy Tobie cen\u0119 pe\u0142nej us\u0142ugi. Wystarczy, \u017ce powiesz s\u0142owo, a my zabierzemy \u015bmieci\u00a0gdziekolwiek<br \/>\ns\u0105 zlokalizowane, a na koniec posprz\u0105tamy po sobie.<\/p>\n<p>Zobacz jak <a title=\"\u015amiecio - Co robimy\" href=\"http:\/\/www.smiecio.pl\/index.php\/co-robimy\/\">proste jest korzystanie z naszych us\u0142ug<\/a>\u00a0i sprawd\u017a pe\u0142n\u0105 list\u0119 odpad\u00f3w jakie <a title=\"wyw\u00f3z grat\u00f3w, odpad\u00f3w, \u015bmieci\" href=\"http:\/\/www.smiecio.pl\/index.php\/co-zabieramy\">mo\u017cemy od Ciebie zabra\u0107<\/a>.<\/p>\n<p><i>Oferujemy wyw\u00f3z gruzu na terenie Gda\u0144ska, Gdyni oraz w okolicach Tr\u00f3jmiasta, bez potrzeby wynajmowania kontenera na gruz<\/i>. Dzi\u0119ki temu Ty lub Twoi wykonawcy nie b\u0119d\u0105 musieli ju\u017c nic d\u017awiga\u0107, bo my zajmiemy si\u0119 za\u0142adunkiem wszystkiego. Nasze rozwi\u0105zanie sprawdzi si\u0119 wsz\u0119dzie tam gdzie brakuje czasu, albo miejsca na postawienie pojemnika gruzowego. Opr\u00f3cz tego jest to \u015bwietne rozwi\u0105zanie w sytuacjach, gdzie brakuje pomocy ekipy budowlanej\/remontowej, a trzeba pozby\u0107 si\u0119 kilkuset kilogram\u00f3w odpad\u00f3w.<\/p>\n<p>Opinie:<\/p>\n<p><span class=\"description\"><i>&#8222;Zdecydowanie polecam, my z pewno\u015bci\u0105 b\u0119dziemy jeszcze korzysta\u0107. Panowie zabrali nam \u015bmieci po budowie. Niestety przed budow\u0105 nie zaplanowa\u0142am z m\u0119\u017cem tego aspektu i wszystko l\u0105dowa\u0142o na jednej kupie. Jednak panowie si\u0119 z tym uporali i zabrali wszystko.&#8221;<\/i><\/span> <img class=\"alignnone\" src=\"http:\/\/www.smiecio.pl\/\/img\/five_stars_icon1.jpg\" alt=\"\u015amiecio - opinia\" \/> <span class=\"reviewer\">Ola G. z Gdyni<\/span> oceni\u0142a <span class=\"item\"><span class=\"fn\">\u015amiecio<\/span><\/span> na <span class=\"rating\">5<br \/>\n<i><\/i><\/span><\/p>\n<div class=\"hreview\"><\/div>\n<div class=\"hreview\"><span class=\"rating\">Wi\u0119cej opinii znajdziesz <a href=\"http:\/\/www.smiecio.pl\/index.php\/o-nas\">tutaj<\/a>.<\/span><\/div>\n<\/td>\n<\/tr>\n<\/tbody>\n<\/table>\n<p><span class=\"article_separator\">\u00a0<\/span><\/p>\n","protected":false},"excerpt":{"rendered":"<p>Wyw\u00f3z gruzu Gda\u0144sk, Gdynia, Sopot i okolice Tr\u00f3jmiasta bez potrzeby zamawiania kontenera! Kiedy rozwa\u017casz wynajem kontenera na gruz, czy odpady po remoncie by\u0107 mo\u017ce warto wiedzie\u0107 o kilku rzeczach: Zap\u0142acisz za wynajem ca\u0142ego kontenera, niezale\u017cnie od ilo\u015bci rzeczy, kt\u00f3re si\u0119 w nim znajd\u0105. Musisz przestrzega\u0107 ogranicze\u0144 odno\u015bnie odpad\u00f3w, kt\u00f3re mo\u017cna wrzuci\u0107 do kontenera. Samodzielnie musisz [&hellip;]<\/p>\n","protected":false},"author":1,"featured_media":0,"parent":0,"menu_order":0,"comment_status":"closed","ping_status":"closed","template":"","meta":[],"_links":{"self":[{"href":"http:\/\/www.smiecio.pl\/index.php\/wp-json\/wp\/v2\/pages\/233"}],"collection":[{"href":"http:\/\/www.smiecio.pl\/index.php\/wp-json\/wp\/v2\/pages"}],"about":[{"href":"http:\/\/www.smiecio.pl\/index.php\/wp-json\/wp\/v2\/types\/page"}],"author":[{"embeddable":true,"href":"http:\/\/www.smiecio.pl\/index.php\/wp-json\/wp\/v2\/users\/1"}],"replies":[{"embeddable":true,"href":"http:\/\/www.smiecio.pl\/index.php\/wp-json\/wp\/v2\/comments?post=233"}],"version-history":[{"count":1,"href":"http:\/\/www.smiecio.pl\/index.php\/wp-json\/wp\/v2\/pages\/233\/revisions"}],"predecessor-version":[{"id":394,"href":"http:\/\/www.smiecio.pl\/index.php\/wp-json\/wp\/v2\/pages\/233\/revisions\/394"}],"wp:attachment":[{"href":"http:\/\/www.smiecio.pl\/index.php\/wp-json\/wp\/v2\/media?parent=233"}],"curies":[{"name":"wp","href":"https:\/\/api.w.org\/{rel}","templated":true}]}}