{"id":293,"date":"2017-02-03T21:49:52","date_gmt":"2017-02-03T20:49:52","guid":{"rendered":"http:\/\/www.smiecio.pl\/?page_id=293"},"modified":"2020-05-24T18:27:11","modified_gmt":"2020-05-24T16:27:11","slug":"co-robimy42","status":"publish","type":"page","link":"http:\/\/www.smiecio.pl\/index.php\/co-robimy42\/","title":{"rendered":"Opr\u00f3\u017cnianie i sprz\u0105tanie obiekt\u00f3w w Gda\u0144sku i Gdyni"},"content":{"rendered":"<p>Firma \u015amiecio Sp.J. zajmuje si\u0119 us\u0142ugami zwi\u0105zanymi z wywozem odpad\u00f3w. Opr\u00f3cz odbioru odpad\u00f3w, zajmujemy si\u0119 r\u00f3wnie\u017c jego za\u0142adunkiem i utylizacj\u0105. Staramy si\u0119 jak najwi\u0119ksz\u0105 ilo\u015b\u0107 \u015bmieci przekazywa\u0107 do recyklingu, tak aby ilo\u015b\u0107 odpad\u00f3w, kt\u00f3ra trafia na wysypisko do zakopania w ziemi by\u0142a jak najmniejsza.<\/p>\n<ul>\n<li><b>Opr\u00f3\u017cnianie piwnic Gda\u0144sk Gdynia Sopot<\/b><\/li>\n<li><b>Opr\u00f3\u017cnianie mieszka\u0144 Gda\u0144sk Gdynia Sopot<\/b><\/li>\n<li><b>Opr\u00f3\u017cnianie dom\u00f3w Gda\u0144sk Gdynia Sopot<\/b><\/li>\n<li><b>Opr\u00f3\u017cnianie strych\u00f3w Gda\u0144sk Gdynia Sopot<\/b><\/li>\n<li><b>Opr\u00f3\u017cnianie magazyn\u00f3w Gda\u0144sk Gdynia Sopot<\/b><\/li>\n<\/ul>\n<div>Bez wzgl\u0119du na to czy masz do zabrania tylko kilka rzeczy czy chcesz si\u0119 pozby\u0107 grat\u00f3w z ca\u0142ego biura, domu czy piwnicy lub innego pomieszczenia. \u017badna praca nie jest dla nas zbyt ma\u0142a lub za du\u017ca. Wystarczy, \u017ce do nas zadzwonisz lub zarezerwujesz us\u0142ug\u0119 on-line. Nasi pracownicy pojawi\u0105 si\u0119 w wyznaczonych przez Ciebie godzinach i podadz\u0105 pe\u0142n\u0105 cen\u0119 przed wykonaniem us\u0142ugi.<\/div>\n<ul>\n<li><b>Sprz\u0105tanie piwnic Gda\u0144sk Gdynia Sopot<\/b><\/li>\n<li><b>Sprz\u0105tanie\u00a0mieszka\u0144 Gda\u0144sk Gdynia Sopot<\/b><\/li>\n<li><b>Sprz\u0105tanie\u00a0dom\u00f3w Gda\u0144sk Gdynia Sopot<\/b><\/li>\n<li><b>Sprz\u0105tanie\u00a0strych\u00f3w Gda\u0144sk Gdynia Sopot<\/b><\/li>\n<li><b>Sprz\u0105tanie\u00a0magazyn\u00f3w Gda\u0144sk Gdynia Sopot<\/b><\/li>\n<\/ul>\n","protected":false},"excerpt":{"rendered":"<p>Firma \u015amiecio Sp.J. zajmuje si\u0119 us\u0142ugami zwi\u0105zanymi z wywozem odpad\u00f3w. Opr\u00f3cz odbioru odpad\u00f3w, zajmujemy si\u0119 r\u00f3wnie\u017c jego za\u0142adunkiem i utylizacj\u0105. Staramy si\u0119 jak najwi\u0119ksz\u0105 ilo\u015b\u0107 \u015bmieci przekazywa\u0107 do recyklingu, tak aby ilo\u015b\u0107 odpad\u00f3w, kt\u00f3ra trafia na wysypisko do zakopania w ziemi by\u0142a jak najmniejsza. Opr\u00f3\u017cnianie piwnic Gda\u0144sk Gdynia Sopot Opr\u00f3\u017cnianie mieszka\u0144 Gda\u0144sk Gdynia Sopot Opr\u00f3\u017cnianie [&hellip;]<\/p>\n","protected":false},"author":1,"featured_media":0,"parent":0,"menu_order":0,"comment_status":"closed","ping_status":"closed","template":"","meta":[],"_links":{"self":[{"href":"http:\/\/www.smiecio.pl\/index.php\/wp-json\/wp\/v2\/pages\/293"}],"collection":[{"href":"http:\/\/www.smiecio.pl\/index.php\/wp-json\/wp\/v2\/pages"}],"about":[{"href":"http:\/\/www.smiecio.pl\/index.php\/wp-json\/wp\/v2\/types\/page"}],"author":[{"embeddable":true,"href":"http:\/\/www.smiecio.pl\/index.php\/wp-json\/wp\/v2\/users\/1"}],"replies":[{"embeddable":true,"href":"http:\/\/www.smiecio.pl\/index.php\/wp-json\/wp\/v2\/comments?post=293"}],"version-history":[{"count":1,"href":"http:\/\/www.smiecio.pl\/index.php\/wp-json\/wp\/v2\/pages\/293\/revisions"}],"predecessor-version":[{"id":413,"href":"http:\/\/www.smiecio.pl\/index.php\/wp-json\/wp\/v2\/pages\/293\/revisions\/413"}],"wp:attachment":[{"href":"http:\/\/www.smiecio.pl\/index.php\/wp-json\/wp\/v2\/media?parent=293"}],"curies":[{"name":"wp","href":"https:\/\/api.w.org\/{rel}","templated":true}]}}