{"id":304,"date":"2017-02-03T23:16:47","date_gmt":"2017-02-03T22:16:47","guid":{"rendered":"http:\/\/www.smiecio.pl\/?page_id=304"},"modified":"2020-05-24T18:27:06","modified_gmt":"2020-05-24T16:27:06","slug":"likwidacja-biur-magazynow-pomieszczen","status":"publish","type":"page","link":"http:\/\/www.smiecio.pl\/index.php\/likwidacja-biur-magazynow-pomieszczen\/","title":{"rendered":"Likwidacja biur i pomieszcze\u0144"},"content":{"rendered":"<table class=\"contentpaneopen\">\n<tbody>\n<tr>\n<td valign=\"top\">\n<h4><b>Ty zajmujesz si\u0119 sprawn\u0105 likwidacj\u0105 pomieszczenia, a my zajmujemy si\u0119 usuwaniem \u015bmieci.<\/b><\/h4>\n<p><i>Oferujemy:<\/i><\/p>\n<p><b>Likwidacja biur<br \/>\nLikwidacja magazyn\u00f3w<br \/>\nLikwidacja innych pomieszcze\u0144<\/b><\/p>\n<p><b>Opr\u00f3\u017cnianie biur<br \/>\nOpr\u00f3\u017cnianie magazyn\u00f3w<br \/>\nOpr\u00f3\u017cnianie innych pomieszcze\u0144<\/b><\/p>\n<p>Us\u0142ugi likwidacji i opr\u00f3\u017cniania pomieszcze\u0144 \u015bwiadczymy w: Gda\u0144sku, Gdyni, Sopocie, Pruszczu Gda\u0144ski, Straszynie, B\u0105kowie, Jankowie, Kolbudach i w innych miejscowo\u015bciach w ok\u00f3\u0142 Tr\u00f3jmiasta.<\/p>\n<table class=\"mceItemTable\" border=\"0\" cellspacing=\"10\">\n<tbody>\n<tr>\n<td valign=\"top\" width=\"50%\">Nasza us\u0142uga jest rozwi\u0105zaniem full-service. Nasi pracownicy zajm\u0105 si\u0119 uprz\u0105tni\u0119ciem i za\u0142adowaniem, sortowaniem, recyklingiem i usuni\u0119ciem wszystkich pozosta\u0142o\u015bci.<\/td>\n<td valign=\"top\" width=\"50%\">\n<ul>\n<li>Usuniemy wszystko (elementy instalacyjne, wyposa\u017cenia wn\u0119trz, wystawy, ekspozycje, urz\u0105dzenia, nawet pod\u0142og\u0119)<\/li>\n<li>Mo\u017cliwo\u015b\u0107 za\u0142adunku w niestandardowych godzinach<\/li>\n<li>Przypisany Project Manager<\/li>\n<\/ul>\n<\/td>\n<\/tr>\n<\/tbody>\n<\/table>\n<p>Skontaktuj si\u0119 z nami korzystaj\u0105c z numeru: 786-817-387.<\/td>\n<\/tr>\n<\/tbody>\n<\/table>\n","protected":false},"excerpt":{"rendered":"<p>Ty zajmujesz si\u0119 sprawn\u0105 likwidacj\u0105 pomieszczenia, a my zajmujemy si\u0119 usuwaniem \u015bmieci. Oferujemy: Likwidacja biur Likwidacja magazyn\u00f3w Likwidacja innych pomieszcze\u0144 Opr\u00f3\u017cnianie biur Opr\u00f3\u017cnianie magazyn\u00f3w Opr\u00f3\u017cnianie innych pomieszcze\u0144 Us\u0142ugi likwidacji i opr\u00f3\u017cniania pomieszcze\u0144 \u015bwiadczymy w: Gda\u0144sku, Gdyni, Sopocie, Pruszczu Gda\u0144ski, Straszynie, B\u0105kowie, Jankowie, Kolbudach i w innych miejscowo\u015bciach w ok\u00f3\u0142 Tr\u00f3jmiasta. Nasza us\u0142uga jest rozwi\u0105zaniem full-service. [&hellip;]<\/p>\n","protected":false},"author":1,"featured_media":0,"parent":0,"menu_order":0,"comment_status":"closed","ping_status":"closed","template":"","meta":[],"_links":{"self":[{"href":"http:\/\/www.smiecio.pl\/index.php\/wp-json\/wp\/v2\/pages\/304"}],"collection":[{"href":"http:\/\/www.smiecio.pl\/index.php\/wp-json\/wp\/v2\/pages"}],"about":[{"href":"http:\/\/www.smiecio.pl\/index.php\/wp-json\/wp\/v2\/types\/page"}],"author":[{"embeddable":true,"href":"http:\/\/www.smiecio.pl\/index.php\/wp-json\/wp\/v2\/users\/1"}],"replies":[{"embeddable":true,"href":"http:\/\/www.smiecio.pl\/index.php\/wp-json\/wp\/v2\/comments?post=304"}],"version-history":[{"count":1,"href":"http:\/\/www.smiecio.pl\/index.php\/wp-json\/wp\/v2\/pages\/304\/revisions"}],"predecessor-version":[{"id":404,"href":"http:\/\/www.smiecio.pl\/index.php\/wp-json\/wp\/v2\/pages\/304\/revisions\/404"}],"wp:attachment":[{"href":"http:\/\/www.smiecio.pl\/index.php\/wp-json\/wp\/v2\/media?parent=304"}],"curies":[{"name":"wp","href":"https:\/\/api.w.org\/{rel}","templated":true}]}}