{"id":300,"date":"2017-02-03T23:03:25","date_gmt":"2017-02-03T22:03:25","guid":{"rendered":"http:\/\/www.smiecio.pl\/?page_id=300"},"modified":"2020-05-24T18:27:21","modified_gmt":"2020-05-24T16:27:21","slug":"uslugi-dla-firm","status":"publish","type":"page","link":"https:\/\/www.smiecio.pl\/index.php\/uslugi-dla-firm\/","title":{"rendered":"Us\u0142ugi dla firm"},"content":{"rendered":"<h4>Us\u0142ugi dla firm zajmuj\u0105cych si\u0119 sprzeda\u017c\u0105 detaliczn\u0105.<\/h4>\n<p>Twoje zaplecze zape\u0142nione jest \u015bmieciami, kt\u00f3rymi Twoi pracownicy nie chc\u0105 si\u0119 zaj\u0105\u0107?<br \/>\nBy\u0107 mo\u017ce jest tak poniewa\u017c:<\/p>\n<ul>\n<li>Cz\u0119sto wprowadzasz zmiany wystroju wn\u0119trza i wystawowe, aby dostosowa\u0107 si\u0119 do p\u00f3r roku i \u015bwi\u0105t;<\/li>\n<li>Tw\u00f3j sklep znajduje w centrum lub w takim obszarze miejskim, gdzie nie ma \u015bmietnika, lub dost\u0119p do niego jest utrudniony;<\/li>\n<li>Tw\u00f3r personel jest zaj\u0119ty swoimi obowi\u0105zkami i prowadzeniem sklepu.<\/li>\n<\/ul>\n<p>W jaki spos\u00f3b mo\u017cemy Ci pom\u00f3c?<\/p>\n<div>\n<table class=\"mceItemTable\" border=\"0\" cellspacing=\"10\">\n<tbody>\n<tr>\n<td valign=\"top\" width=\"33%\"><a title=\"wyw\u00f3z odpad\u00f3w po renowacji, przemeblowaniu sklepu\" href=\"http:\/\/www.smiecio.pl\/index.php\/przemeblowanie-renowacja-sklepu\"><b>Przemeblowanie lub<br \/>\nrenowacja sklepu<\/b><\/a><\/td>\n<td valign=\"top\" width=\"33%\"><a title=\"wyw\u00f3z odpad\u00f3w po likwidacji sklepu\" href=\"http:\/\/www.smiecio.pl\/index.php\/likwidacja-sklepu\"><b>Likwidacja pomieszcze\u0144\u00a0<\/b><\/a><\/td>\n<td valign=\"top\" width=\"33%\"><a title=\"Regularne us\u0142ugi dla plac\u00f3wek handlowych, sklep\u00f3w\" href=\"http:\/\/www.smiecio.pl\/index.php\/uslugi-regularne\"><b>Us\u0142ugi regularne\u00a0<\/b><\/a><\/td>\n<\/tr>\n<tr>\n<td valign=\"top\" width=\"33%\">Wyw\u00f3z element\u00f3w wyposa\u017cenia wn\u0119trz, wystaw, element\u00f3w ekspozycyjnych<br \/>\ni innych materia\u0142\u00f3w.<\/td>\n<td valign=\"top\" width=\"33%\">Recykling i wyw\u00f3z pozosta\u0142o\u015bci po likwidacji biur, magazyn\u00f3w, sklep\u00f3w i innych pomieszcze\u0144.<\/td>\n<td valign=\"top\" width=\"33%\">Niezawodna us\u0142uga wywozu odpad\u00f3w, kt\u00f3ra w \u017caden spos\u00f3b nie zak\u0142\u00f3ci codziennej pracy sklepu.<\/td>\n<\/tr>\n<\/tbody>\n<\/table>\n<\/div>\n<div><\/div>\n<div><\/div>\n<h4>Us\u0142ugi dla klient\u00f3w biznesowych.<\/h4>\n<p>Niezale\u017cnie od tego jaki rodzaj biznesu prowadzisz &#8211; od\u00a0<a title=\"wyw\u00f3z odpad\u00f3w dla zarz\u0105dc\u00f3w i administrator\u00f3w nieruchomo\u015bci\" href=\"http:\/\/www.smiecio.pl\/index.php\/\/zarzadzanie-administracja-nieruchomosciami\">zarz\u0105dzania i administracji nieruchomo\u015bciami<\/a> poprzez\u00a0<a title=\"wyw\u00f3z odpad\u00f3w dla wsp\u00f3lnot mieszkaniowych\" href=\"http:\/\/www.smiecio.pl\/index.php\/wspolnoty-mieszkaniowe\">wsp\u00f3lnoty mieszkaniowe<\/a>\u00a0i\u00a0<a title=\"wyw\u00f3z odpad\u00f3w dla sp\u00f3\u0142dzielni mieszkaniowych\" href=\"http:\/\/www.smiecio.pl\/index.php\/spoldzielnie-mieszkaniowe\">sp\u00f3\u0142dzielnie mieszkaniowe<\/a>, a\u017c po\u00a0<a title=\"wyw\u00f3z odpad\u00f3w dla po\u015brednik\u00f3w nieruchomo\u015bci\" href=\"http:\/\/www.smiecio.pl\/index.php\/posrednicy-i-biura-nieruchomosci\">po\u015brednik\u00f3w nieruchomo\u015bci<\/a> i plac\u00f3wki sprzeda\u017cy detalicznej &#8211; nasza profesjonalna i efektywna za\u0142oga pomo\u017ce Tobie w prosty i szybki spos\u00f3b pozby\u0107 si\u0119 \u015bmieci.<\/p>\n<p>Nie wa\u017cne czy masz tylko kilka niechcianych grat\u00f3w, czy\u00a0<a title=\"wyw\u00f3z odpad\u00f3w z biur\" href=\"http:\/\/www.smiecio.pl\/index.php\/sprzatanie-biur\">ca\u0142e biuro do wysprz\u0105tania<\/a> &#8211; dla nas \u017cadna praca nie jest ani za du\u017ca, ani za ma\u0142a.<em>Jak to dzia\u0142a? <\/em>Wystarczy jeden telefon pod numer 786-817-387 lub\u00a0<a title=\"zamawianie wywozu \u015bmieci online\" href=\"http:\/\/www.smiecio.pl\/index.php\/zamow-usluge\">rezerwacja us\u0142ugi online<\/a>, a nasz profesjonalny<br \/>\ni ubrany w firmowe uniformy zesp\u00f3\u0142 pojawi si\u0119 w dogodnych dla Ciebie godzinach. Podajemy pe\u0142n\u0105 cen\u0119 us\u0142ugi przed przyst\u0105pieniem do prac, a realizacja us\u0142ugi mo\u017cliwa jest ju\u017c w tym samym dniu co przekazanie nam zlecenia.<\/p>\n<p><u>Korzy\u015bci z korzystania z naszych us\u0142ug:<\/u><\/p>\n<ul>\n<li>Nasi pracownicy to profesjonali\u015bci ubrani w firmowe uniformy;<\/li>\n<li>Jeste\u015bmy w pe\u0142ni ubezpieczeni;<\/li>\n<li>Realizacja us\u0142ugi jeszcze tego samego dnia co przekazanie zlecenia;<\/li>\n<li>Wykonywanie pracy po godzinach pracy Twojej firmy, w\u0142\u0105czaj\u0105c w to weekendy;<\/li>\n<li>Zabieramy \u015bmieci niezale\u017cnie od tego gdzie s\u0105 zlokalizowane;<\/li>\n<li>P\u0142acisz tylko za to co zabierzemy;<\/li>\n<li>Kiedy jest to mo\u017cliwe odpady trafiaj\u0105 do recyklingu;<\/li>\n<li>Twoi pracownicy mog\u0105 skupi\u0107 si\u0119 na tym co robi\u0105 najlepiej, a wyw\u00f3z odpad\u00f3w zostaw nam.<\/li>\n<\/ul>\n","protected":false},"excerpt":{"rendered":"<p>Us\u0142ugi dla firm zajmuj\u0105cych si\u0119 sprzeda\u017c\u0105 detaliczn\u0105. Twoje zaplecze zape\u0142nione jest \u015bmieciami, kt\u00f3rymi Twoi pracownicy nie chc\u0105 si\u0119 zaj\u0105\u0107? By\u0107 mo\u017ce jest tak poniewa\u017c: Cz\u0119sto wprowadzasz zmiany wystroju wn\u0119trza i wystawowe, aby dostosowa\u0107 si\u0119 do p\u00f3r roku i \u015bwi\u0105t; Tw\u00f3j sklep znajduje w centrum lub w takim obszarze miejskim, gdzie nie ma \u015bmietnika, lub dost\u0119p [&hellip;]<\/p>\n","protected":false},"author":1,"featured_media":0,"parent":0,"menu_order":0,"comment_status":"closed","ping_status":"closed","template":"","meta":[],"_links":{"self":[{"href":"https:\/\/www.smiecio.pl\/index.php\/wp-json\/wp\/v2\/pages\/300"}],"collection":[{"href":"https:\/\/www.smiecio.pl\/index.php\/wp-json\/wp\/v2\/pages"}],"about":[{"href":"https:\/\/www.smiecio.pl\/index.php\/wp-json\/wp\/v2\/types\/page"}],"author":[{"embeddable":true,"href":"https:\/\/www.smiecio.pl\/index.php\/wp-json\/wp\/v2\/users\/1"}],"replies":[{"embeddable":true,"href":"https:\/\/www.smiecio.pl\/index.php\/wp-json\/wp\/v2\/comments?post=300"}],"version-history":[{"count":1,"href":"https:\/\/www.smiecio.pl\/index.php\/wp-json\/wp\/v2\/pages\/300\/revisions"}],"predecessor-version":[{"id":427,"href":"https:\/\/www.smiecio.pl\/index.php\/wp-json\/wp\/v2\/pages\/300\/revisions\/427"}],"wp:attachment":[{"href":"https:\/\/www.smiecio.pl\/index.php\/wp-json\/wp\/v2\/media?parent=300"}],"curies":[{"name":"wp","href":"https:\/\/api.w.org\/{rel}","templated":true}]}}