{"id":314,"date":"2017-02-03T23:30:36","date_gmt":"2017-02-03T22:30:36","guid":{"rendered":"http:\/\/www.smiecio.pl\/?page_id=314"},"modified":"2020-05-24T18:27:11","modified_gmt":"2020-05-24T16:27:11","slug":"posrednicy-i-biura-nieruchomosci","status":"publish","type":"page","link":"https:\/\/www.smiecio.pl\/index.php\/posrednicy-i-biura-nieruchomosci\/","title":{"rendered":"Po\u015brednicy i biura nieruchomo\u015bci"},"content":{"rendered":"<table class=\"contentpaneopen\">\n<tbody>\n<tr>\n<td valign=\"top\">\n<h4><b>Tw\u00f3j klient si\u0119 wyprowadza lub wprowadza i ma problem ze \u015bmieciami?\u00a0<\/b><\/h4>\n<p>Pomagamy po\u015brednikom i biurom nieruchomo\u015bci u\u0142atwi\u0107 przeprowadzki i sprzeda\u017c nieruchomo\u015bci ich klient\u00f3w. Wyczy\u015bcimy zagracon\u0105 piwnic\u0119, dom lub mieszkanie. Sami wykonamy ca\u0142y za\u0142adunek. Stawk\u0119 zawsze podajemy przed realizacj\u0105 us\u0142ugi i zapewniamy mo\u017cliwo\u015b\u0107 dopasowania godziny wywozu \u015bmieci do Twoich potrzeb. Nie musisz si\u0119 o nic martwi\u0107, po prostu zostaw \u015bmieci tam gdzie s\u0105, a my zajmiemy si\u0119 reszt\u0105.<\/p>\n<p><a title=\"zamawianie wywozu \u015bmieci online\" href=\"http:\/\/www.smiecio.pl\/index.php\/zamow-usluge\/\">Zarezerwuj nasz\u0105 us\u0142ug\u0119 online<\/a> lub skontaktuj si\u0119 z nami pod numerem telefonu 786-817-387.<\/td>\n<\/tr>\n<\/tbody>\n<\/table>\n","protected":false},"excerpt":{"rendered":"<p>Tw\u00f3j klient si\u0119 wyprowadza lub wprowadza i ma problem ze \u015bmieciami?\u00a0 Pomagamy po\u015brednikom i biurom nieruchomo\u015bci u\u0142atwi\u0107 przeprowadzki i sprzeda\u017c nieruchomo\u015bci ich klient\u00f3w. Wyczy\u015bcimy zagracon\u0105 piwnic\u0119, dom lub mieszkanie. Sami wykonamy ca\u0142y za\u0142adunek. Stawk\u0119 zawsze podajemy przed realizacj\u0105 us\u0142ugi i zapewniamy mo\u017cliwo\u015b\u0107 dopasowania godziny wywozu \u015bmieci do Twoich potrzeb. Nie musisz si\u0119 o nic martwi\u0107, [&hellip;]<\/p>\n","protected":false},"author":1,"featured_media":0,"parent":0,"menu_order":0,"comment_status":"closed","ping_status":"closed","template":"","meta":[],"_links":{"self":[{"href":"https:\/\/www.smiecio.pl\/index.php\/wp-json\/wp\/v2\/pages\/314"}],"collection":[{"href":"https:\/\/www.smiecio.pl\/index.php\/wp-json\/wp\/v2\/pages"}],"about":[{"href":"https:\/\/www.smiecio.pl\/index.php\/wp-json\/wp\/v2\/types\/page"}],"author":[{"embeddable":true,"href":"https:\/\/www.smiecio.pl\/index.php\/wp-json\/wp\/v2\/users\/1"}],"replies":[{"embeddable":true,"href":"https:\/\/www.smiecio.pl\/index.php\/wp-json\/wp\/v2\/comments?post=314"}],"version-history":[{"count":1,"href":"https:\/\/www.smiecio.pl\/index.php\/wp-json\/wp\/v2\/pages\/314\/revisions"}],"predecessor-version":[{"id":417,"href":"https:\/\/www.smiecio.pl\/index.php\/wp-json\/wp\/v2\/pages\/314\/revisions\/417"}],"wp:attachment":[{"href":"https:\/\/www.smiecio.pl\/index.php\/wp-json\/wp\/v2\/media?parent=314"}],"curies":[{"name":"wp","href":"https:\/\/api.w.org\/{rel}","templated":true}]}}