{"id":95,"date":"2017-01-31T19:50:41","date_gmt":"2017-01-31T18:50:41","guid":{"rendered":"http:\/\/www.smiecio.pl\/?page_id=10"},"modified":"2020-05-27T09:22:11","modified_gmt":"2020-05-27T07:22:11","slug":"cennik","status":"publish","type":"page","link":"https:\/\/www.smiecio.pl\/index.php\/cennik\/","title":{"rendered":"CENNIK"},"content":{"rendered":"<h3><strong>Sprawd\u017a cen\u0119<\/strong><\/h3>\n<p style=\"text-align: center;\">Chcesz pozna\u0107 orientacyjny koszt wywozu odpad\u00f3w? Przesu\u0144 kursorem myszki po numerach, kt\u00f3re oznaczaj\u0105 stopie\u0144 za\u0142adowania samochodu.<\/p>\n\n<div class=\"wpcf7 no-js\" id=\"wpcf7-f482-o1\" lang=\"pl-PL\" dir=\"ltr\">\n<div class=\"screen-reader-response\"><p role=\"status\" aria-live=\"polite\" aria-atomic=\"true\"><\/p> <ul><\/ul><\/div>\n<form action=\"\/index.php\/wp-json\/wp\/v2\/pages\/95#wpcf7-f482-o1\" method=\"post\" class=\"wpcf7-form init\" aria-label=\"Contact form\" novalidate=\"novalidate\" data-status=\"init\">\n<div style=\"display: none;\">\n<input type=\"hidden\" name=\"_wpcf7\" value=\"482\" \/>\n<input type=\"hidden\" name=\"_wpcf7_version\" value=\"5.7\" \/>\n<input type=\"hidden\" name=\"_wpcf7_locale\" value=\"pl_PL\" \/>\n<input type=\"hidden\" name=\"_wpcf7_unit_tag\" value=\"wpcf7-f482-o1\" \/>\n<input type=\"hidden\" name=\"_wpcf7_container_post\" value=\"0\" \/>\n<input type=\"hidden\" name=\"_wpcf7_posted_data_hash\" value=\"\" \/>\n<input type=\"hidden\" name=\"_wpcf7_recaptcha_response\" value=\"\" \/>\n<\/div>\n<p><span class=\"wpcf7-form-control-wrap\" data-name=\"cennik\"><span class=\"wpcf7-form-control wpcf7-checkbox wpcf7-exclusive-checkbox\" id=\"cennik\"><span class=\"wpcf7-list-item first\"><label><input type=\"checkbox\" name=\"cennik\" value=\"Minimum\" tabindex=\"\" \/><span class=\"wpcf7-list-item-label\">Minimum<\/span><\/label><\/span><span class=\"wpcf7-list-item\"><label><input type=\"checkbox\" name=\"cennik\" value=\"1\/8\" tabindex=\"\" \/><span class=\"wpcf7-list-item-label\">1\/8<\/span><\/label><\/span><span class=\"wpcf7-list-item\"><label><input type=\"checkbox\" name=\"cennik\" value=\"1\/6\" tabindex=\"\" \/><span class=\"wpcf7-list-item-label\">1\/6<\/span><\/label><\/span><span class=\"wpcf7-list-item\"><label><input type=\"checkbox\" name=\"cennik\" value=\"1\/4\" tabindex=\"\" \/><span class=\"wpcf7-list-item-label\">1\/4<\/span><\/label><\/span><span class=\"wpcf7-list-item\"><label><input type=\"checkbox\" name=\"cennik\" value=\"1\/3\" tabindex=\"\" \/><span class=\"wpcf7-list-item-label\">1\/3<\/span><\/label><\/span><span class=\"wpcf7-list-item\"><label><input type=\"checkbox\" name=\"cennik\" value=\"3\/8\" tabindex=\"\" \/><span class=\"wpcf7-list-item-label\">3\/8<\/span><\/label><\/span><span class=\"wpcf7-list-item\"><label><input type=\"checkbox\" name=\"cennik\" value=\"1\/2\" tabindex=\"\" \/><span class=\"wpcf7-list-item-label\">1\/2<\/span><\/label><\/span><span class=\"wpcf7-list-item\"><label><input type=\"checkbox\" name=\"cennik\" value=\"5\/8\" tabindex=\"\" \/><span class=\"wpcf7-list-item-label\">5\/8<\/span><\/label><\/span><span class=\"wpcf7-list-item\"><label><input type=\"checkbox\" name=\"cennik\" value=\"2\/3\" tabindex=\"\" \/><span class=\"wpcf7-list-item-label\">2\/3<\/span><\/label><\/span><span class=\"wpcf7-list-item\"><label><input type=\"checkbox\" name=\"cennik\" value=\"3\/4\" tabindex=\"\" \/><span class=\"wpcf7-list-item-label\">3\/4<\/span><\/label><\/span><span class=\"wpcf7-list-item\"><label><input type=\"checkbox\" name=\"cennik\" value=\"5\/6\" tabindex=\"\" \/><span class=\"wpcf7-list-item-label\">5\/6<\/span><\/label><\/span><span class=\"wpcf7-list-item\"><label><input type=\"checkbox\" name=\"cennik\" value=\"7\/8\" tabindex=\"\" \/><span class=\"wpcf7-list-item-label\">7\/8<\/span><\/label><\/span><span class=\"wpcf7-list-item last\"><label><input type=\"checkbox\" name=\"cennik\" value=\"Max\" tabindex=\"\" \/><span class=\"wpcf7-list-item-label\">Max<\/span><\/label><\/span><\/span><\/span>\n<\/p><div class=\"wpcf7-response-output\" aria-hidden=\"true\"><\/div><\/form><\/div>\n\n\n\n<p class=\"has-text-align-center\">Podane ceny s\u0105 cenami orientacyjnymi. Po przyje\u017adzie nasi pracownicy okre\u015bl\u0105 precyzyjnie koszt wykonania us\u0142ugi. Je\u015bli nie b\u0119dzie ona Tobie odpowiada\u0107, to pami\u0119taj, \u017ce nasza wizyta do niczego nie zobowi\u0105zuje.<\/p>\n\n\n\n<p class=\"has-text-align-center\"><a class=\"button\" href=\"http:\/\/www.smiecio.pl\/index.php\/duze\/\">Zobacz ceny odpad\u00f3w bardzo ci\u0119\u017ckich<\/a><\/p>\n","protected":false},"excerpt":{"rendered":"<p>Sprawd\u017a cen\u0119 Chcesz pozna\u0107 orientacyjny koszt wywozu odpad\u00f3w? Przesu\u0144 kursorem myszki po numerach, kt\u00f3re oznaczaj\u0105 stopie\u0144 za\u0142adowania samochodu. Podane ceny s\u0105 cenami orientacyjnymi. Po przyje\u017adzie nasi pracownicy okre\u015bl\u0105 precyzyjnie koszt wykonania us\u0142ugi. Je\u015bli nie b\u0119dzie ona Tobie odpowiada\u0107, to pami\u0119taj, \u017ce nasza wizyta do niczego nie zobowi\u0105zuje. Zobacz ceny odpad\u00f3w bardzo ci\u0119\u017ckich<\/p>\n","protected":false},"author":1,"featured_media":0,"parent":0,"menu_order":0,"comment_status":"closed","ping_status":"closed","template":"","meta":[],"_links":{"self":[{"href":"https:\/\/www.smiecio.pl\/index.php\/wp-json\/wp\/v2\/pages\/95"}],"collection":[{"href":"https:\/\/www.smiecio.pl\/index.php\/wp-json\/wp\/v2\/pages"}],"about":[{"href":"https:\/\/www.smiecio.pl\/index.php\/wp-json\/wp\/v2\/types\/page"}],"author":[{"embeddable":true,"href":"https:\/\/www.smiecio.pl\/index.php\/wp-json\/wp\/v2\/users\/1"}],"replies":[{"embeddable":true,"href":"https:\/\/www.smiecio.pl\/index.php\/wp-json\/wp\/v2\/comments?post=95"}],"version-history":[{"count":3,"href":"https:\/\/www.smiecio.pl\/index.php\/wp-json\/wp\/v2\/pages\/95\/revisions"}],"predecessor-version":[{"id":484,"href":"https:\/\/www.smiecio.pl\/index.php\/wp-json\/wp\/v2\/pages\/95\/revisions\/484"}],"wp:attachment":[{"href":"https:\/\/www.smiecio.pl\/index.php\/wp-json\/wp\/v2\/media?parent=95"}],"curies":[{"name":"wp","href":"https:\/\/api.w.org\/{rel}","templated":true}]}}